03970.
2, 3, 5, 181, 32579
List the prime factors of 1183716356.
2, 295929089
What are the prime factors of 175425375?
3, 5, 131, 3571
List the prime factors of 1903955781.
3, 7, 13, 19, 557, 659
What are the prime factors of 322968690?
2, 3, 5, 11, 113, 2887
What are the prime factors of 344233305?
3, 5, 13, 588433
List the prime factors of 254772467.
739, 344753
List the prime factors of 4264440910.
2, 5, 31, 367, 37483
List the prime factors of 117619782.
2, 3, 7, 79, 35449
What are the prime factors of 233457371?
7, 33351053
What are the prime factors of 55248516?
2, 3, 383, 4007
What are the prime factors of 99335363?
19, 103, 193, 263
List the prime factors of 333190513.
37, 9005149
List the prime factors of 74443604.
2, 59, 151, 2089
List the prime factors of 2114479138.
2, 97, 2053, 5309
List the prime factors of 9209443973.
661, 1423, 9791
What are the prime factors of 19428915?
3, 5, 11, 117751
What are the prime factors of 5092387707?
3, 11, 127, 311, 3907
What are the prime factors of 27671195?
5, 463, 11953
What are the prime factors of 99687624?
2, 3, 317, 13103
What are the prime factors of 14678594?
2, 7, 109, 9619
What are the prime factors of 11498429?
11498429
List the prime factors of 527687932.
2, 37, 3565459
What are the prime factors of 380334747?
3, 13, 9752173
List the prime factors of 2088453949.
443, 811, 5813
What are the prime factors of 33579739?
109, 239, 1289
List the prime factors of 32814154.
2, 2357, 6961
What are the prime factors of 52143019?
52143019
What are the prime factors of 176271072?
2, 3, 1836157
What are the prime factors of 678489071?
13, 52191467
What are the prime factors of 447170191?
13, 34397707
What are the prime factors of 1381598112?
2, 3, 397, 36251
List the prime factors of 20541567.
3, 61, 112249
List the prime factors of 2290226883.
3, 7, 19, 61, 73, 1289
List the prime factors of 35621668.
2, 113, 78809
List the prime factors of 4912283605.
5, 982456721
What are the prime factors of 2758777350?
2, 3, 5, 7, 37, 71011
What are the prime factors of 25307161?
11, 2300651
List the prime factors of 32116522.
2, 127, 126443
List the prime factors of 5057084790.
2, 3, 5, 56189831
List the prime factors of 454440258.
2, 3, 887, 28463
What are the prime factors of 66536085?
3, 5, 7, 11, 5237
What are the prime factors of 495903911?
409, 1212479
What are the prime factors of 3835993005?
3, 5, 13, 41, 89, 599
List the prime factors of 300237025.
5, 11, 373, 2927
List the prime factors of 220305114.
2, 3, 19, 271, 2377
List the prime factors of 1391933207.
7, 2467, 80603
What are the prime factors of 48583809?
3, 71, 76031
What are the prime factors of 127292214?
2, 3, 7, 3030767
What are the prime factors of 9318816?
2, 3, 13, 19, 131
List the prime factors of 462630788.
2, 115657697
What are the prime factors of 197800283?
197800283
List the prime factors of 6887502.
2, 3, 239, 1601
List the prime factors of 558075381.
3, 23, 1229, 6581
What are the prime factors of 365162163?
3, 1733, 70237
List the prime factors of 19736792.
2, 107, 23057
List the prime factors of 62929375.
5, 107, 941
What are the prime factors of 168238684?
2, 42059671
List the prime factors of 149385588.
2, 3, 11, 53, 131, 163
What are the prime factors of 3401794655?
5, 7, 97194133
What are the prime factors of 1337817833?
11, 121619803
What are the prime factors of 342766577?
59, 857, 6779
What are the prime factors of 2277149566?
2, 1138574783
What are the prime factors of 1727811016?
2, 215976377
What are the prime factors of 441081908?
2, 199, 554123
List the prime factors of 101753285.
5, 269, 75653
What are the prime factors of 297261583?
13003, 22861
List the prime factors of 185378304.
2, 3, 120689
What are the prime factors of 56031552?
2, 3, 89, 1093
List the prime factors of 20545296.
2, 3, 428027
List the prime factors of 105116012.
2, 26279003
List the prime factors of 803913684.
2, 3, 7, 107, 89443
What are the prime factors of 115617734?
2, 23, 491, 5119
What are the prime factors of 134531516?
2, 7, 4804697
List the prime factors of 915167103.
3, 17, 17944453
What are the prime factors of 3802871114?
2, 7, 41, 1871, 3541
List the prime factors of 168792593.
168792593
List the prime factors of 437219044.
2, 149, 563, 1303
List the prime factors of 237569374.
2, 7, 16969241
List the prime factors of 53972138.
2, 11, 43, 59, 967
List the prime factors of 1834434831.
3, 1291, 473647
What are the prime factors of 13954513?
37, 131, 2879
What are the prime factors of 2753635?
5, 691, 797
List the prime factors of 2798185063.
8273, 338231
What are the prime factors of 9196996?
2, 2299249
What are the prime factors of 30851916?
2, 3, 251, 10243
What are the prime factors of 56302702?
2, 113, 249127
List the prime factors of 7725900739.
113, 3041, 22483
What are the prime factors of 7566790?
2, 5, 7, 11, 31, 317
List the prime factors of 109249926.
2, 3, 3461, 5261
What are the prime factors of 1708345226?
2, 7, 10771, 11329
List the prime factors of 107053458.
2, 3, 17842243
What are the prime factors of 41994861?
3, 2741, 5107
List the prime factors of 81277673.
53, 311, 4931
List the prime factors of 73896613.
7, 10556659
What are the prime factors of 1070842453?
1070842453
What are the prime factors of 1797690787?
23, 151, 517619
What are the prime factors of 7594361081?
397, 19129373
List the prime factors of 4176996444.
2, 3, 38675893
What are the prime factors of 5470224967?
1993, 2744719
What are the prime factors of 170896469?
19, 139, 64709
What are the prime factors of 6051749063?
17, 1847, 192737
List the prime factors of 14244831.
3, 1582759
What are the prime factors of 122707919?
1171, 104789
What are the prime factors of 18509254?
2, 9254627
What are the prime factors of 2203351954?
2, 2399, 459223
List the prime factors of 21669740.
2, 5, 179, 6053
What are the prime factors of 696065991?
3, 139, 1669223
List the prime factors of 679201923.
3, 59, 439, 8741
What are the prime factors of 639507796?
2, 109, 167, 8783
What are the prime factors of 316238994?
2, 3, 17568833
What are the prime factors of 1138388739?
3, 41, 47, 196919
List the prime factors of 6438804594.
2, 3, 31, 3067, 11287
What are the prime factors of 91862123?
91862123
List the prime factors of 869734795.
5, 29, 5998171
List the prime factors of 143430302.
2, 101, 710051
What are the prime factors of 183456568?
2, 22932071
What are the prime factors of 6087230?
2, 5, 107, 5689
List the prime factors of 2529937233.
3, 23, 353, 3847
List the prime factors of 133108240.
2, 5, 37, 193, 233
What are the prime factors of 560022346?
2, 13, 21539321
List the prime factors of 301057798.
2, 313, 593, 811
What are the prime factors of 15306243?
3, 41, 107, 1163
What are the prime factors of 83864016?
2, 3, 59, 9871
What are the prime factors of 98047929?
3, 7, 4668949
What are the prime factors of 75801138?
2, 3, 7, 31, 8317
What are the prime factors of 18980450?
2, 5, 139, 2731
What are the prime factors of 2221247551?
521, 4263431
What are the prime factors of 647570231?
7, 11, 487, 2467
What are the prime factors of 1112162739?
3, 19, 47, 415141
List the prime factors of 1200693268.
2, 300173317
List the prime factors of 7463024759.
433, 4093, 4211
What are the prime factors of 3472296206?
2, 17, 281, 363439
What are the prime factors of 117506206?
2, 349, 168347
List the prime factors of 176943935.
5, 7, 29, 174329
What are the prime factors of 5180944459?
41, 673, 187763
What are the prime factors of 48989933?
47, 523, 1993
List the prime factors of 58313550.
2, 3, 5, 388757
What are the prime factors of 67320066?
2, 3, 11, 1020001
What are the prime factors of 851538621?
3, 47, 179, 33739
List the prime factors of 1585478837.
17, 443, 210527
What are the prime factors of 1806349425?
3, 5, 1087, 22157
List the prime factors of 2852660758.
2, 17, 83901787
List the prime factors of 16884725.
5, 11, 13, 4723
List the prime factors of 180616002.
2, 3, 7, 29, 257, 577
What are the prime factors of 20672484?
2, 3, 7, 431, 571
List the prime factors of 1142472576.
2, 3, 7, 425027
List the prime factors of 186473078.
2, 11, 181, 46829
List the prime factors of 1043735803.
11, 61, 349, 4457
List the prime factors of 19934646.
2, 3, 3322441
